. List the prime factors of w.
2
Suppose 0 = -x + 6*x - 20. Suppose 0 = x*y - 5*y - 1, 0 = -5*t + 4*y + 349. Suppose o = 4*o - t. List the prime factors of o.
23
Let r(h) = -h**3 + 5*h + 8. Let z be r(-6). Suppose 5*w + 64 = z. Suppose 5*n - w = -6. List the prime factors of n.
2
What are the prime factors of 1/(-3)*(-14746 - (-20 - -19))?
5, 983
Suppose -3*j + p + 100 + 202 = 0, p = -2. What are the prime factors of j?
2, 5
Let a(k) = k**3 - 11*k**2 + 15*k + 66. What are the prime factors of a(18)?
2, 3, 7, 31
Let i(u) = -u**2 + 7*u + 9. Let o be i(-6). Let n = o + 46. Let d = 43 + n. What are the prime factors of d?
2, 5
Let z be (-32)/(-6)*9/(-6). Let l(n) = 3*n**2 + 8*n + 11. Let q be l(z). Suppose 5*t - 106 = q. What are the prime factors of t?
7
List the prime factors of ((-64872)/(-9))/8 + -7.
2, 3, 149
List the prime factors of (-9270)/(-75) - 2/(-5).
2, 31
What are the prime factors of (2/6)/((-3)/(-558))?
2, 31
Let i be 1 + 2 - (0 - -1). Suppose -3*f + 12 = f, 4*b - i*f - 10 = 0. Suppose 0 = -b*s + 43 + 33. List the prime factors of s.
19
Suppose 268 = 2*u + 2*i, 2*i - 758 = -5*u - 91. What are the prime factors of u?
7, 19
Suppose 0 = 15*d - 16*d + 103. Let r = 46 - d. List the prime factors of r*(0 + 3/(-9)).
19
Let z(o) = -o - 5. Let r be z(-9). Suppose -9 - 47 = -r*b. List the prime factors of b.
2, 7
Let v(s) = -1736*s**3 + 2*s**2 + 4*s + 2. List the prime factors of v(-1).
2, 7, 31
Suppose -4*r = 4*z - 6164, 3*r = 7*r - 8*z - 6200. What are the prime factors of r?
2, 193
Let v = 1669 - 1102. List the prime factors of v.
3, 7
Suppose -28*f + 3322 = -16054. List the prime factors of f.
2, 173
Suppose -18 = -f - 3*f + 2*d, -2*f + 24 = 4*d. List the prime factors of f/(-8) - (-3735)/20.
2, 3, 31
Let h(d) = 15*d**2 - 11*d + 27. List the prime factors of h(7).
5, 137
Let a(r) = 31*r - 936. List the prime factors of a(68).
2, 293
Let y(z) = -z**3 + 6*z**2 - z + 6. Let l(i) = i**2 + 2*i - 5. Let d be l(-4). List the prime factors of y(d).
2, 3, 5
Suppose 1582 = 28*v + 238. What are the prime factors of v?
2, 3
Suppose -388 = -4*x + 4*w, -2*x + 53 = -5*w - 135. What are the prime factors of x?
3, 11
Suppose -35 - 105 = -2*m. Suppose 0 = 4*i - 16, 0*j + j + 2*i - m = 0. What are the prime factors of j?
2, 31
Let i(b) = -3 + 6 + 2*b - b + 1. List the prime factors of i(5).
3
Suppose 12583 + 10277 = 36*l. What are the prime factors of l?
5, 127
Let k be (208/4)/((-2)/(-11)). Suppose 4*b = 22 + k. List the prime factors of b.
7, 11
Suppose 2*c = -c. Let x be (5 + -6)/1 - 3*1. List the prime factors of (x - c) + (-82)/(-2).
37
Let j = -96 + 46. Let b = 178 - j. List the prime factors of b.
2, 3, 19
Let u = 1245 + -777. List the prime factors of u.
2, 3, 13
Suppose 0 = u - 2*u + 2*u. Suppose 4*b - 3*r - 228 = -u*r, b + 2*r - 68 = 0. What are the prime factors of b?
2, 3, 5
Suppose -r + 219 = 12. Suppose 0*f - r = -3*f. List the prime factors of f.
3, 23
Suppose -u - 876 = 4*x, 4*x + 5*u + 338 = -554. Let m = x - -317. What are the prime factors of m?
3, 11
Let m = -137 + 202. List the prime factors of m.
5, 13
What are the prime factors of 852/20 + (-7)/((-70)/4)?
43
Let h be 1/(-4) + (-248)/32. What are the prime factors of ((-12)/h)/(5/230)?
3, 23
List the prime factors of (-5)/((-20)/5144) + 7.
3, 431
Suppose 3*o = z + 194, 7*z = 5*o + 4*z - 330. Suppose -l + o = -4*m, -m + 235 = 4*l - 0*m. What are the prime factors of l?
59
Suppose -46*w = -11*w - 95970. List the prime factors of w.
2, 3, 457
Let s(f) = -f**3 - 8*f**2 - 15*f - 14. Let u be s(-6). Suppose -u*n - 138 = -a, n - 606 = -5*a - 0*n. What are the prime factors of a?
2, 61
Let b(i) = 6*i - 2. Let k(h) = h**3 + h - 7. Let d be k(0). Let w = 11 + d. List the prime factors of b(w).
2, 11
Let u(a) = a**3 - 10*a**2 + 10*a - 6. Let y be u(9). Suppose 7*i - y*i + 4 = 0. What are the prime factors of 784/21 - i/(-3)?
37
Suppose 6*v = 5*v + 21. Let b = 127 - v. List the prime factors of b.
2, 53
Let c(v) = -19*v**2 + v - 2. Let k(l) = -1. Let n(y) = c(y) - 2*k(y). Let z be n(1). Let t = -16 - z. What are the prime factors of t?
2
Suppose 0 = -5*y - 2*d + 69 + 29, 15 = y + 5*d. Suppose 0*j = -4*j + y. Suppose -j*i + 2*i + 3*v + 117 = 0, -5 = v. What are the prime factors of i?
2, 17
Let d(x) = 19*x - 47. Let a be d(-5). Let t = a - -408. List the prime factors of t.
2, 7, 19
What are the prime factors of 2*(-16)/24*2181/(-4)?
727
Let j(u) = -31*u + 19. What are the prime factors of j(-4)?
11, 13
Let v(w) = 403*w - 7. Let z be v(1). Suppose z = 7*d + 2*d. What are the prime factors of d?
2, 11
Let i(z) = z**3 - 16*z**2 + 13*z - 20. Let g be i(15). Let x = g + 93. What are the prime factors of x?
43
Let y(b) = -b + 16. Let l be y(10). Let n be 2 + (3 - l) + -13. Let m(o) = -o**3 - 13*o**2 + 14*o + 9. What are the prime factors of m(n)?
3
Let i be (-6)/(119/(-414) - (-2)/9). Let m = -50 + i. What are the prime factors of m?
2, 3, 7
Let v(r) = 5*r**2 + 14*r. List the prime factors of v(11).
3, 11, 23
Suppose 0 = 4*k + 4*l, -l - l = 5*k - 6. Suppose 2*m - 8 = 0, -4*y + 1033 = y + k*m. What are the prime factors of y?
5, 41
Let o(u) = 3 - 3 + 8*u + 17*u - 7. List the prime factors of o(3).
2, 17
Let h(w) = -38*w + 25 - 29*w + 59*w. List the prime factors of h(-9).
97
Suppose -x + 17 = s, 0 = -s - 4*x + 22 + 4. List the prime factors of s/(2/24*2).
2, 3, 7
Suppose -y - 4 = 0, 2*z = -5*y - 0*y + 1276. List the prime factors of z.
2, 3
Let m be (14/2 - 4) + 1. Suppose -m*p + 5*i + 120 = p, -5*i = -3*p + 68. Suppose a + 5*u = 96 - p, -a = -5*u - 40. What are the prime factors of a?
5, 11
Suppose 0*b - 5*b = 5*n - 6380, 1266 = n - b. List the prime factors of n.
31, 41
Let w be ((-97)/2)/(0 + (-3)/6). Suppose 6*m + z - w = 5*m, -5*m + 475 = 3*z. What are the prime factors of m?
2, 23
Suppose 4*f + c + 2*c = 14, -3*f + 11 = 2*c. Suppose 2*u + 8 = 0, f*u - 19 = -4*n + 9. What are the prime factors of ((-8)/n)/((-2)/156)?
2, 13
Suppose -3*u - 68 = -d, -d + 47 = -u - u. Suppose 153 = 5*o - 62. Let t = u + o. List the prime factors of t.
2, 11
Suppose 5*g + y + 254 = 2296, 0 = 5*g + 2*y - 2039. List the prime factors of g.
409
Let m(o) = 555*o**2 + o - 3. List the prime factors of m(1).
7, 79
Suppose -5*p = -w + 337, 9*w + 4*p + 342 = 10*w. What are the prime factors of w?
2, 181
Let v = -2 + 4. Suppose -n - 2 = 2*g - 69, v*n + 10 = 0. What are the prime factors of g?
2, 3
Let i(g) = -3*g + 26. Let k be i(6). Suppose k*r - 1050 = -2*r. What are the prime factors of r?
3, 5, 7
Let t = 666 - 116. Suppose -t = -5*x - 195. List the prime factors of x.
71
Let w = -69 - -54. Let g(a) = a**2 + 12*a + 11. List the prime factors of g(w).
2, 7
Suppose -15*a - 3*a + 66078 = 0. List the prime factors of a.
3671
Let b(w) = w**3 + 27*w**2 - 31*w - 17. What are the prime factors of b(-27)?
2, 5, 41
Let h(a) = -a**3 - 7*a**2 + 8*a + 2. Let f be h(-8). Suppose -4*p = 5*u - 15, 0*u + f*p - 15 = 5*u. What are the prime factors of -84*2/3*u?
2, 7
Let q = -591 - -1791. What are the prime factors of q?
2, 3, 5
List the prime factors of 300/(-24)*(-1962)/15.
3, 5, 109
Let t(b) = -57*b + 916. List the prime factors of t(6).
2, 7, 41
Let q(z) = 3*z - 48. Let v be q(16). Suppose -c + 1 = v, 308 = 3*i - c - 102. What are the prime factors of i?
137
Let v(c) = 5*c**2 + 64*c - 113. List the prime factors of v(-31).
2, 677
Let v be (-3)/(-12) + 1/(-4). Let u(i) = i - 8*i**3 + 6*i**3 + v*i. List the prime factors of u(-2).
2, 7
Suppose -3033 = -x + 4*m, -3*x + 3*m = 8*m - 9184. List the prime factors of x.
43, 71
Let m = -5 - -8. Suppose 5*o = -4*x + 12, m*x + 6 = 3*o + 5*x. Let h = o - -25. What are the prime factors of h?
5
Suppose 2*w - 27 = -239. What are the prime factors of w/(-7) - (-4)/(-112)*4?
3, 5
Suppose -5*z = 12 - 52. Let g(s) = s + 17. List the prime factors of g(z).
5
Suppose 10 = 5*y + 30, y = -2*j + 2966. What are the prime factors of j?
3, 5, 11
Let z = -5 - 10. List the prime factors of 50/z - 1/(-3) - -124.
11
Suppose 5*u = c - 40 - 414, 1864 = 4*c - 4*u. What are the prime factors of c?
7, 67
Let n(t) = 2*t**2 + 2*t - 9. Let z be n(2). Let y(k) = 20*k**2 - 6*k - 2. List the prime factors of y(z).
2, 5
Let z be -67 - 3*(3 + -2). List the prime factors of (z/(-56))/((-1)/(-92)).
5, 23
Let h(j) = -j + 1. Let v b